(-38 + 16 - -3) + 19.
0
(2 - 8) + 20 + (-26 - -22)
10
What is 5 - (-1 + -5 + 5 + -1 + 7)?
0
What is the value of -21 + 31 - (-9 - -2)?
17
Calculate (-2 - 4) + (-11 - -6 - 2) + 1.
-12
Evaluate -8 - 1 - (-1 - 12) - (9 - 0).
-5
What is (32 - 0) + 16 + (59 - 79)?
28
Calculate (-34 - (-4 - 15 - -6)) + 8.
-13
What is -7 + 3 + -4 - (2 - (-4 + 7))?
-7
What is -5 + -4 + -30 - -31?
-8
Evaluate 27 + -2 - (26 - (-17 - -33)).
15
What is the value of (-386 - -367) + (4 + -7 - 4)?
-26
What is -15 + -10 + 16 + 13 + (-3 - 1)?
0
Evaluate 77 - 90 - (-13 - 2).
2
Evaluate (1 - 22 - (-9 + -5 + 7)) + 4.
-10
Evaluate -43 - (-20 + 7 - 7).
-23
What is the value of -5 + -15 + (-4 - (1 + 2)) + 3?
-24
Evaluate 5 + 0 + (-363 - -358).
0
What is 5 + (-1 - -4) + -40 + (12 - 1)?
-21
(-21 - 1 - (-37 - -37)) + 2
-20
10 + -17 + 9 - (0 - -8)
-6
What is -8 + -2 + -16 + 16 + 35?
25
Evaluate (4 - (-5 + 9)) + (8 - 24).
-16
What is ((-19 - -12) + -5 - (-5 + 1)) + 10?
2
Evaluate (66 - 64) + 1 + 2.
5
What is the value of 5 - (-1 - (-5 + (-1 - -5) - 16))?
-11
What is the value of (-14 - -1 - (-11 + 22 - 16)) + 6?
-2
What is -10 - (-13 - (4 - 13) - (-1 + 0))?
-7
What is 6 + -3 + 5 + (-8 - 1 - 3)?
-4
Evaluate (0 - 14) + 2 + (-1 - (-8 + 1)).
-6
What is 40 + -73 + -1 + 21?
-13
Calculate -30 + 10 - (3 + -15).
-8
Calculate (4 - -46) + (-54 - -26).
22
12 + -2 - (-24 - -35)
-1
What is (767 - 739) + (0 - 1 - 8) - 0?
19
Calculate 4 + -3 + -4 - (-4 - 0).
1
What is the value of 24 + -46 + 12 - -37?
27
271 - 275 - (4 - 4)
-4
What is the value of -10 + -1 - ((-3 - 8) + 13 + 0)?
-13
Evaluate 11 - (5 - 7) - (9 - 2 - 17).
23
Evaluate (-13 - -25) + -10 - (0 - (9 - 0)).
11
1 + 8 - (5 + 4)
0
What is 0 + (38 - (9 - -49))?
-20
What is 1 - (4 - ((-10 - -7) + 6))?
0
Calculate 14 - (17 + 10) - (-17 + 3).
1
Evaluate 2 + 2 + -4 + 7 - (-39 + 32).
14
(2 - 5) + (-7 - (-3 + -1))
-6
What is -295 + 288 - (0 - 11)?
4
5 - ((68 - 66) + (0 - 9 - -2))
10
Calculate 2 + 17 + -22 + -15 + -5.
-23
What is the value of 1 + -15 + 6 + -4?
-12
-24 + (1 - (-17 + 9))
-15
Calculate (-12 - 12) + 13 - -12.
1
Evaluate (2 - 9) + (-1 - -5) + 54 + -52.
-1
Calculate 3 - (6 - (0 + 6 + 4 + 0)).
7
Evaluate 3 + (3 - 1 - (5 - (3 + -7))).
-4
Calculate 5 + (-1 - -6) + 5 + -1 - 1.
13
Evaluate 8 - 17 - (8 - 12).
-5
What is the value of -3 + -4 + (-9 - 0) + 1?
-15
Evaluate -79 - -72 - (2 + -1).
-8
Calculate (0 - (28 + -7)) + 7 + 1 + -1.
-14
Calculate 3 + 3 - 6 - (1 - -3).
-4
(-88 - -88) + 1 + -1 - (-19 - -6)
13
-15 + (-26 + 20 - -6)
-15
What is (1 + 6 - -18) + -14 + (4 - -5)?
20
Evaluate (1 - -6) + (-10 + -4 - -6).
-1
What is the value of 475 + -472 - (1 + 26)?
-24
48 - (-4 + -7 + 32)
27
Calculate ((29 - 15) + -22 - -18) + 6.
16
What is 479 + -478 + -3 + -24?
-26
Calculate -10 + (6 + -8 - -14 - 5).
-3
What is the value of -24 + 11 - -43 - 70?
-40
Evaluate 1 + 7 - (-13 - (21 + -27)).
15
Calculate 0 + (2 - 35) + (-75 - -87 - 1).
-22
What is the value of -1 - (6 + 0 - (19 + -5 + -17))?
-10
What is the value of 36 - (8 + 4) - (-5 - (5 + -14))?
20
Calculate -3 - (-5 + -2 + (5 - 6)).
5
Calculate 11 + -9 + 3 + 9.
14
Calculate -5 + 40 - 23 - 15.
-3
What is the value of -182 + 144 - (-1 + -17)?
-20
11 - (14 + -14 + 14)
-3
What is 9 - (-7 - (6 - 21))?
1
What is (102 - 82 - (41 + 0)) + -14?
-35
43 - 41 - (4 + (-4 - (-8 + 2)))
-4
(-11 - -1) + 27 + -33
-16
What is (-6 - -9 - -3 - 10) + -7?
-11
What is the value of -7 - (-9 + 12 - 7 - 5)?
2
What is -7 - (19 + 6 + -46)?
14
Evaluate (-2 + 4 - -19) + -1 + (357 - 352).
25
Evaluate (5 + -3 - (12 + -2)) + (3 - -2).
-3
Evaluate -13 + (3 - 16) + 31.
5
22 - (35 + -16) - (2 + 0)
1
Calculate 5 + (3 - 2) - ((12 - 1) + -2).
-3
What is the value of -4 + (-5 - (-11 - (11 - 15)))?
-2
Calculate 4 + (8 - (-8 + 8)).
12
What is (-1 - (-7 + 16 - (14 + 3))) + -7?
0
Calculate 15 + 8 + (-8 - (-5 - -12)).
8
-2 + -14 + 9 + -2 + (6 - 16)
-19
Evaluate 32 - (77 + -17) - -50.
22
Calculate (6 - (2 + 1)) + -13 + 9 + -1.
-2
What is the value of (4 - 5 - (20 + -7)) + (3 - 1)?
-12
What is the value of 4 + -6 + 28 - 17?
9
Calculate (6 - (11 + 0 - 7)) + -4.
-2
What is 265 + -245 + -1 + -10?
9
What is 18 + (8 - (26 + -15)) - 44?
-29
What is the value of ((6 - 10) + -2 - -5 - 2) + -2?
-5
Calculate -5 + 6 + -3 + 0 + 2.
0
Calculate (3 - 33) + 105 - 35.
40
What is -22 + 6 + (-4 - (2 + -3)) + 4?
-15
What is -13 + (12 - (-8 + 9))?
-2
-11 + (17 - (-9 - -9 - -6)) - -5
5
2 + -3 + 3 + (4 - (-8 - -18))
-4
Evaluate 9 + -21 + 15 - (-1 + 16).
-12
Evaluate (4 - (-8 + 30 + -6)) + 39.
27
What is -6 - (-10 - -7 - -13 - 7)?
-9
What is (-19 - -15) + -4 + 4 + -6?
-10
(-133 - -117) + 0 + 3
-13
What is 14 + (17 - 28) - 12?
-9
(5 - (12 + -8)) + (-11 - -16)
6
Calculate -4 - (7 + -15 + 3 + 1).
0
Evaluate -16 - (2 + 4 - 23).
1
Calculate -7 + (14 + -10 - -19 - (3 + 0)).
13
What is the value of -1110 + 1115 + (8 - 0)?
13
3 - (-22 + (24 - 11) - 2)
14
What is -9 - (-9 + (11 - (4 + 3)))?
-4
Evaluate 21 - 3 - (4 + -4 + -9 - -10).
17
Evaluate 34 + 19 + -32 - (-1 - (-3 - -1)).
20
What is the value of 20 + -14 + -1 + 4?
9
Calculate -9 - (-1 - 0) - (40 + 13 + -49).
-12
What is 4 + (13 - 25 - -15)?
7
(7 - 4) + -12 - (19 - 9)
-19
What is the value of -290 + 291 - (1 - 0 - 9)?
9
What is -21 + 27 + (-4 + 8 - 14)?
-4
What is (-9 - -5) + 13 + 5 + 3 + -1?
16
What is the value of (-8 + 34 - -29) + -28?
27
What is the value of (2 - (-2 + (-3 - -6)) - -7) + 0?
8
Calculate -15 + 19 - (-2 - (4 + -2)).
8
Calculate -14 + 4 + (15 + -4 - -4).
5
What is the value of (13 - 2) + (1 - -3) + -16 + -26?
-27
-18 - (14 - (-9 + 33))
-8
4 + 6 + (2 - (-9 + 6 + 5))
10
What is the value of -1 + 3 + (6 - (-3 - (-16 - -9)))?
4
-12 - -2 - (-11 + 1 + -4 + 8)
-4
Calculate (-1 + 7 - -9) + (1 - 3) + -2.
11
Calculate (7 - -3 - 10) + -3 + (-2 - -5).
0
Calculate 18 + (11 - (16 + 1 - 10)).
22
-12 + 14 + -5 + 1
-2
(33 - (14 - 10)) + -51
-22
What is the value of (19 - 15) + 13 + 5?
22
Calculate (450 - 445) + (1 - 27).
-21
What is the value of -1 + 2 - 4 - (1 + 3 - 2)?
-5
What is the value of 13 + 2 + -27 - -4?
-8
Calculate -15 + 38 + 2 - 10.
15
What is the value of 16 + -18 + 22 + -2 + -4 + 1?
15
What is -9 + (-5 - (3 + -2) - -8) - -8?
1
Calculate 5 - (15 + (22 - 23)).
-9
What is 4 - (1 + -2 + (4 - (7 - -2)))?
10
What is the value of 2 - (1 + -10 - (0 + (-7 - -2)))?
6
Calculate (15 - (3 + -1)) + -46 + 36.
3
Calculate 0 + 3 + -4 + -1 + -254 + 282.
26
What is the value of 0 + ((3 - 0) + -12 + 2 - -9)?
2
26 + 1 + (31 - 65) + 29
22
What is the value of 10 + -8 + (-1 - -9 - 22)?
-12
What is the value of (4 - 18) + 11 + (-2 - 0)?
-5
What is the value of 0 + -2 - -2 - ((-5 - -16) + -21)?
10
What is the value of -29 - (-6 + (-1 - 14))?
-8
(-37 + 53 - (3 - -21)) + (24 - 1)
15
Calculate 25 - 0 - (54 - 31).
2
What is the value of 4 + 13 + 13 + -46?
-16
(11 - -2) + (-11 - -16)
18
What is the value of -1 + (0 - -10) - (-55 + 12 + 81)?
-29
-5 - ((8 - 11) + -10)
8
What is -38 + (-14 - (-23 - 5))?
-24
Calculate 5 + -3 + -3 + (-16 - -10) + 7.
0
What is the value of -8 - -1 - (16 + -28)?
5
6 + -11 + (17 - (9 - (8 - 7)))
4
Calculate 8 + (-11 + 10 + -19 - -9).
-3
(9 - (-1 + 19 - 2)) + 8
1
Calculate 41 - (23 - 33 - -53).
-2
Evaluate -3 + (-1 - (3 + 2 - 21)) - 3.
9
Calculate 2 + ((1 - -1) + 3 - (4 + -2)).
5
Calculate (-11 - (9 - 38)) + -15.
3
What is the value of 6 - (-14 - (-22 - -12))?
10
Calculate 0 + 18 + -13 + (-1 - (19 - 27)).
12
(-9 - 3) + 4 + -2 + (-6 - 1)
-17
Evaluate -10 + (856 - 860) + -1 + 8 + 1.
-6
Evaluate 18 + (-5 - 3) + -4.
6
Evaluate -1 - 19 - (-5 + (4 - 6) + 3).
-16
What is (-10 - -10) + -5 + -2?
-7
Calculate -19 - -13 - (-2 - (2 - -8)).
6
What is 18 - ((1 - -2) + 9 + -1)?
7
What is the value of -2 + -3 + -3 + (8 - 13)?
-13
Calculate (-29 - -15 - -3) + 10.
-1
Calculate 10 - (20 - -8) - (10 - 11).
-17
226 - 254 - (2 - 1)
-29
What is the value of 1 + 2 + 21 + -11?
13
What is the value of -17 - (-14 + 19 + 5 + 3)?
-30
(-310 - -299) + 6 + 1
-4
What is the value of 13 + (-10 - 5) - 0 - 4?
-6
229 + -197 - ((15 - (3 - 1)) + -4)
23
(4 - 0) + -4 + 1 - 3 - -1
-1
Calculate 7 + -15 - (-14 - -12).
-6
What is the value of 9 - 10 - ((-11 - -6) + 1 + 15)?
-12
Evaluate 0 + (18 - (7 + -4)) - 7.
8
What is (11 - (-5 - -4)) + -3 + -3 + 15?
21
What is 2 + 5 - (-6 + (-8 - (-6 - 1)))?
14
What is 8 - (-21 + (-11 - -29))?
11
Calculate -23 + 2 + -3 + 2 + -5 